s -1 + (6 - 4) - (1 - 1)?
1
Calculate 10 + -11 + 5 - 9.
-5
What is 6 + -1 - (-3 + 0) - 9?
-1
What is the value of -2 + (4 - (-2 - -3))?
1
Evaluate -8 + -3 + 10 + -3.
-4
Calculate -9 - ((1 - 0) + 0 - 5).
-5
What is the value of (-1 - (6 - (3 + 1))) + 8?
5
What is the value of 7 + 1 + (1 - 6)?
3
What is 4 + -1 + 14 + 7 + -14?
10
Calculate -5 + 7 + (-4 - -9) + -4.
3
Evaluate 1 + 0 + (3 - -5) - 4.
5
What is 0 + 3 + (-2 + -5 - 0)?
-4
What is -1 + 2 - (0 + 0)?
1
What is the value of (8 - 1) + -10 + 1?
-2
What is the value of 5 - (4 - 4) - 3?
2
Calculate 0 + -9 + (4 - (2 + -2)).
-5
Evaluate (-2 - (4 + -10)) + -7.
-3
-8 + (-4 - 2 - -6)
-8
Evaluate -7 - (-2 + -7) - 4.
-2
What is the value of -2 - -2 - (-4 - -10)?
-6
-8 + (-4 - (0 - (9 - 1)))
-4
What is the value of (-4 - (-11 - -3)) + -3 + 2?
3
Calculate (1 + 3 + 12 - 2) + -6.
8
Calculate (-7 - (-3 - 4)) + -2.
-2
What is the value of -1 - 3 - (3 - 6 - 1)?
0
What is 2 - 10 - (2 + -5 - 0)?
-5
What is 9 + -17 + 10 - (-3 - 1)?
6
Evaluate (6 + -4 - -2) + -1 + 1.
4
What is (0 - (4 + -4)) + 3?
3
What is 2 - (5 + -4 + -2 - 4)?
7
Calculate -1 + (4 - 1) + -6.
-4
What is the value of 1 + 1 - (11 + (-14 - 2))?
7
What is the value of -6 - 0 - (12 - 14)?
-4
Calculate 22 + 7 + -15 + -6.
8
Evaluate -3 - (-3 - (0 - 5)).
-5
(2 - 2) + -21 + 17
-4
What is -1 - ((-4 - -5) + -5)?
3
Evaluate (4 - (1 + 10 + 0)) + 2.
-5
What is the value of -7 - (1 + -4) - 4 - 1?
-9
Evaluate -7 - 0 - (1 + (6 - 10)).
-4
Calculate 2 + 1 - (4 + (-7 - -1)).
5
Calculate (2 - 2) + (9 - 6).
3
What is -1 + -5 - ((17 - 11) + -5)?
-7
-7 + (3 - (-4 + 3)) - 0
-3
What is 4 + (-1 - -2) - (41 - 44)?
8
What is (-4 - (-1 - -3)) + 21 + -24?
-9
What is 14 - 14 - (-2 + (-2 - 0))?
4
What is the value of 137 - 124 - (-1 - -10)?
4
What is the value of 23 - -11 - 14 - 9?
11
What is 0 + (-1 - 0) + (-16 - -20)?
3
What is the value of (-1 - (-5 + 2)) + 3 + -1?
4
3 + (1 - (7 + -2)) + 3
2
(-7 - (-12 + 8)) + -5
-8
Evaluate 14 + -7 + 0 + -7.
0
2 + -2 + 0 + -1
-1
What is -4 + (3 - 0) + (3 - 1)?
1
-8 + 4 + (9 - 4)
1
(-8 - -11) + -9 + 1 + 0
-5
What is -5 + (-1 - -2) + -14 + 18?
0
What is the value of 14 + (-8 - -1 - 11)?
-4
-10 + (11 - 3) - -4
2
1 + -7 + -18 + (-6 - -22)
-8
Evaluate 1 + 2 - 0 - (2 + -1).
2
Evaluate 0 - (0 + 7) - -7.
0
Calculate (-5 - -7) + -3 - -3.
2
What is 10 + -1 + -9 + 7?
7
-2 + 1 - (-4 - 2)
5
Calculate (-8 + -6 - -10) + 5 + -8.
-7
What is (3 - 0) + 2 - 3?
2
What is (29 - 26) + (-1 + -7 - -2)?
-3
What is 0 - (3 - 0) - (38 - 43)?
2
What is the value of (-6 - (-5 + 0)) + 0?
-1
3 - ((1 - -2) + 2 + 1)
-3
Evaluate -2 + -1 + 2 + 0 + 1.
0
What is 3 + 2 - (35 - 31)?
1
-5 - 1 - (-9 + 3)
0
Evaluate -4 + 0 + (6 - (-8 - -15)).
-5
What is the value of -5 + (-11 - -17) + (-3 - -1)?
-1
What is the value of 7 - (7 - -3) - (3 - 0)?
-6
Evaluate (-1 + 14 - 11) + -10.
-8
Evaluate (-14 - (-11 + 1)) + 8.
4
What is -4 - (-2 + (1 - 1) + 2)?
-4
Evaluate 0 - -6 - (152 + -156).
10
What is the value of -3 - ((-9 - -2) + 4) - 1?
-1
Calculate -6 - ((0 - 3) + 3).
-6
What is 17 + -32 + 21 + 1 + 2?
9
What is -3 + (4 - 3) - -5?
3
Evaluate (-1 - (-1 - (-1 + -1))) + 1.
-1
Calculate 15 + (-23 - -11) + -3 + 7.
7
Calculate -4 - -3 - -1 - 3 - 0.
-3
-46 + 23 - -33 - (-1 - -3)
8
(4 - 12) + 7 + -2
-3
Evaluate 1 - -2 - (-40 - -51).
-8
Calculate (-8 - -10) + (0 - -1).
3
(-2 - -4) + (-7 - (-2 - 8))
5
What is the value of 3 + 4 - 2 - (-1 + 3)?
3
What is 4 + -3 - 2 - -6?
5
What is the value of 9 + -10 + -1 + -2 - -3?
-1
1 + (-3 - (1 + -6) - 1)
2
Evaluate -1 + -4 - (-6 - -3).
-2
What is (2 - 2) + -4 + (-9 - -13)?
0
What is (4 - 1) + (10 - 7)?
6
(1 - 2) + 0 + 6 - 2
3
Evaluate (-8 - 2) + 10 + -6 + 9.
3
What is -8 + 2 - ((5 - -1) + -7)?
-5
What is the value of 3 + (4 + -6 - 0)?
1
Calculate 5 + -4 + -5 + -4 + 2.
-6
What is the value of 0 + 0 + 5 - (6 + -1)?
0
Calculate 1 + 3 - (9 - 2 - -1).
-4
Evaluate -4 + -3 + 3 - -4.
0
Evaluate -3 + -2 + 9 + (-3 - -1).
2
29 - 32 - (0 + (-1 - -2))
-4
Evaluate -2 - 2 - ((-3 - 1) + 3).
-3
What is -5 + (-3 - 2) + 8 + 1?
-1
Evaluate 6 - 4 - (8 - (-1 + 4)).
-3
6 + (-10 - (5 - 5))
-4
What is the value of 17 + -14 + (-9 - -2)?
-4
(3 - (10 + -5)) + 4
2
What is 6 + -13 - (-11 - 0)?
4
What is the value of 11 - (10 + -4 + 6)?
-1
-1 + (4 - (5 + -3 - 1))
2
What is the value of 2 - 8 - -10 - 0?
4
What is 7 + -5 + -4 + -5?
-7
Evaluate (36 - 36) + 2 + 0 + -1.
1
What is 6 + (-3 - (-8 - -7))?
4
Calculate 6 - (3 + 5 + -4 + 3).
-1
What is the value of (1 - (0 - -3)) + -102 + 105?
1
Evaluate 7 - (9 - (-1 + 8)).
5
What is the value of 0 - (5 - 3 - 1)?
-1
Calculate 109 - 108 - (0 - (-1 - -2)).
2
Evaluate -3 - (-10 + 3 + 0).
4
0 - 0 - (3 - (5 - 2))
0
4 + -5 + (-4 - (-2 + -2))
-1
-3 - (-1 + 1 - 5)
2
What is 2 + 3 + -12 + 10?
3
What is the value of (-1 - (6 + -4)) + 7?
4
(-7 - (7 + -9 - 6)) + 1
2
(1 - -5) + 8 + -12 + -7
-5
What is the value of 13 - ((-13 - -17) + 3)?
6
-5 + (7 + -2 - -4)
4
What is -7 + 11 + -3 + -4?
-3
2 + 12 + (0 - 7) - 5
2
What is the value of (-2 - 5) + (28 - 20)?
1
Evaluate 0 + (8 - 14 - 0).
-6
-7 + (0 - (-14 + 14))
-7
Calculate 0 - 0 - (-2 - 4 - -2).
4
What is the value of -6 + (5 - 2) - -4?
1
What is the value of -7 - (-12 - -3 - (3 - 3))?
2
Calculate 4 + (-2 - (-2 - 3)).
7
What is (-2 + 4 - 5) + 1?
-2
Evaluate 31 + -36 - (1 - 10).
4
What is the value of 13 + 1 + (-5 - 9)?
0
Calculate 1 - (-1 + (3 - 2 - 2)).
3
What is 13 - (29 + -13) - -2?
-1
What is the value of -2 + (9 - 4 - 9) - 0?
-6
Calculate 4 + -1 - 0 - -1.
4
Calculate -39 + 41 + (3 - 2).
3
Calculate -7 + 11 + 1 + -3.
2
Evaluate -3 + (0 + 3 - (8 + -3)).
-5
Evaluate 2 + -6 + 3 + -3 + 9.
5
6 + (3 - 2 - 5)
2
What is the value of (-1 - -1 - 7) + (7 - 1)?
-1
Evaluate 0 - 1 - ((-25 - -18) + 8).
-2
-2 - ((-1 - -1 - -3) + -3)
-2
Evaluate -1 + 3 + (0 + 6 - 3).
5
What is -15 + 12 + -1 + 8 - 4?
0
What is the value of 11 - (0 - -5) - (1 - 0)?
5
Evaluate 2 - (-2 + (5 - 2)).
1
Evaluate 5 - (11 + (-5 - 2)) - -4.
5
What is (15 - 6) + -5 - (1 - -6)?
-3
What is 2 + (1 - -2) + -2 + 0?
3
-1 + 6 + -3 + -8 + 7
1
5 - 7 - (-2 + 7 - 2)
-5
What is the value of (14 + -9 - 7) + (4 - 1)?
1
-4 + 3 + -6 + 0 + 3
-4
What is 15 - (12 - (13 + -8))?
8
What is the value of 0 - (-5 + 0 + 0 + 5)?
0
Evaluate -2 + 4 + 11 + -14.
-1
Evaluate -2 + (7 - (-1 - -6)).
0
Evaluate -1 - (2 - -4 - 5).
-2
What is the value of -7 + (9 - (-7 - -11))?
-2
What is the value of -17 - 8 - -7 - -8?
-10
Evaluate 2 - (0 + -3 + 3).
2
Evaluate 5 + (-3 - -12) + -13.
1
Evaluate (2 - 2) + -4 + 8.
4
What is -4 - -1 - -8 - (1 + 4)?
0
What is -5 + 9 - (-2 - (2 - 8))?
0
What is the value of -11 - (-10 + -11 + 15)?
-5
Calculate 7 - 1 - (15 - 9 - 0).
0
Evaluate (3 - (16 + -4)) + 2.
-7
Calculate 5 + 1 + -5 + (-11 - -2).
-8
Calculate -1 + 12 + (9 - 20) + 6.
6
What is (-4 - (-1 + 2)) + (-10 - -13)?
-2
What is 6 - (12 - 5) - (0 + -3)?
2
What is 16 + -6 + -6 + 0 + 1?
5
Calculate 1 - 2 - (-20 - -13).
6
Evaluate -2 + 12 + -5 + 2.
7
What is 1 - -2 - (4 - 3)?
2
Calculate (-2 - 3) + (-5 - -7).
-3
Evaluate 1 + -11 + -24 + 39.
5
1 - 0 - (16 + -11) - 5
-9
6 + 5 + -10 + (-5 - -1)
-3
What is 0 - (-2 + 6) - -1?
-3
5 + (-2 - 3) + 1
1
-3 + 13 + -3 + -3
4
Evaluate 2 + ((-1 - -4) + -12 - -3).
-4
(-3 - 2) + -1 + 4 + 3
1
What is the value of -1 - (0 + 0 + -4 + 2)?
1
-3 + (-1 - (5 + -11)) + -11
-9
Calculate -7 + 4 + 3 + -4.
-4
2 + (-7 - -5) + (5 - 5)
0
What is the value of -24 + 8 + 22 + (-3 - 0)?
3
Calculate -6 - (-7 + -1 + 15) - -8.
-5
Evaluate 2 + (-5 + 2 - -2) + -7.
-6
What is -12 + -8 + 9 + 9?
-2
0 + (4 - 3) + -4 + 10
7
What is -2 - (0 + 2) - (36 + -42)?
2
What is 1 - (-2 - (-4 + 0 + 2))?
1
(-1 + (6 - 4) - -1) + -1
1
Evaluate -5 - -6 - (3 + 0).
-2
What is -7 - (-8 - 2 - -1)?
2
Calculate 0 - -2 - ((0 - 0) + 1).
1
Evaluate -2 - -1 - 2 - (2 + -7).
2
Calculate -4 - (-3 - 1 - (-5 + 10)).
5
Calculate -17 - 0 - (2 - 10).
-9
What is the value of -2 + 0 + (8 - 7)?
-1
What is the value of (-6 - 0) + (12 - 3) + -12?
-9
Calculate -1 + -2 + 4 + (-2 - -2).
1
-1 - -11 - (-58 - -69)
-1
What is -2 - (-2 + (2 + -9 - -3))?
4
What is 5 - 4 - (-5 + 4)?
2
-45 - -55 - (7 + -1)
4
What is the value of (-4 - -7) + -6 + 0?
-3
What is the value of (-8 - 4 - -9) + -4?
-7
What is the value of -9 + (1 - 5) + 8?
-5
What is the value of -2 + (0 - 4 - (-3 - 4))?
1
What is the value of (4 - 0) + -4 + 0?
0
What is 11 - (8 + -1 + -3 + 2)?
5